ue
Is 405005 a composite number?
True
Is 9293 a prime number?
True
Is 9967 a composite number?
False
Is 2503 prime?
True
Is 246669 prime?
False
Is 16138 a composite number?
True
Is 65761 prime?
True
Is 491747 prime?
True
Is 57037 a composite number?
False
Is 792587 composite?
True
Is 238859 a prime number?
True
Is 1217 a composite number?
False
Is 3683 a composite number?
True
Is 3691 a prime number?
True
Is 29741 composite?
False
Is 8063 prime?
False
Is 21683 a prime number?
True
Is 4079 a composite number?
False
Is 7703 composite?
False
Is 155269 prime?
True
Is 24527 a composite number?
False
Is 27611 prime?
True
Is 660947 a prime number?
False
Is 12587 prime?
False
Is 261509 a composite number?
False
Is 13633 a composite number?
False
Is 126946 a composite number?
True
Is 252359 a prime number?
True
Is 9242 a prime number?
False
Is 2782789 a composite number?
False
Is 223943 a prime number?
False
Is 145253 a prime number?
True
Is 779731 a composite number?
False
Is 4189 composite?
True
Is 13891 a composite number?
True
Is 249463 a composite number?
False
Is 18527 a composite number?
True
Is 482938 composite?
True
Is 3628877 a prime number?
False
Is 355029 a composite number?
True
Is 10561 a composite number?
True
Is 54507 composite?
True
Is 5815 composite?
True
Is 50033 a prime number?
True
Is 110119 a composite number?
False
Is 27289 composite?
True
Is 18089 a prime number?
True
Is 37661 a prime number?
False
Is 18743 prime?
True
Is 295907 a prime number?
False
Is 17953 a composite number?
True
Is 20266 a prime number?
False
Is 43313 composite?
False
Is 18989 a prime number?
False
Is 23951 composite?
True
Is 30839 composite?
False
Is 59941 composite?
True
Is 5381 a prime number?
True
Is 1036829 a prime number?
True
Is 64541 prime?
False
Is 386599 a composite number?
True
Is 47723 a composite number?
True
Is 16495 a prime number?
False
Is 29626 a composite number?
True
Is 530107 a prime number?
False
Is 255361 composite?
False
Is 12469 a prime number?
False
Is 221803 prime?
False
Is 41719 composite?
False
Is 96035 a prime number?
False
Is 11299 composite?
False
Is 5173 a prime number?
False
Is 3511 a prime number?
True
Is 6541 a composite number?
True
Is 72217 a composite number?
True
Is 15613 composite?
True
Is 140521 a composite number?
False
Is 3793 composite?
False
Is 70687 prime?
True
Is 317381 a prime number?
False
Is 135697 a prime number?
True
Is 2596313 a composite number?
True
Is 573355 a prime number?
False
Is 442699 composite?
False
Is 35221 prime?
True
Is 196477 prime?
True
Is 136229 prime?
False
Is 2240947 a composite number?
True
Is 10489 a prime number?
False
Is 6371 a prime number?
False
Is 517 a composite number?
True
Is 691603 a prime number?
False
Is 168221 composite?
True
Is 17039 prime?
False
Is 257667 prime?
False
Is 207113 a prime number?
True
Is 2237 a composite number?
False
Is 5386 a prime number?
False
Is 56369 composite?
False
Is 4812487 prime?
True
Is 181833 a composite number?
True
Is 134129 a prime number?
True
Is 9967 prime?
True
Is 30047 a composite number?
False
Is 5879 a composite number?
False
Is 10327 a composite number?
True
Is 56251 prime?
False
Is 31099 prime?
False
Is 15989 prime?
False
Is 50069 a composite number?
False
Is 378251 a prime number?
False
Is 231091 a prime number?
False
Is 173077 prime?
False
Is 391387 prime?
True
Is 3809251 a prime number?
True
Is 220663 a prime number?
True
Is 6557 composite?
True
Is 165151 a composite number?
True
Is 1337 a prime number?
False
Is 1063891 composite?
False
Is 12791 a prime number?
True
Is 167361 a prime number?
False
Is 1591 prime?
False
Is 13763 a prime number?
True
Is 83957 prime?
False
Is 862679 prime?
False
Is 3647 a composite number?
True
Is 4663 a prime number?
True
Is 10895 a prime number?
False
Is 361409 a composite number?
False
Is 10027 composite?
True
Is 199049 a composite number?
False
Is 6013 a prime number?
False
Is 366295 a composite number?
True
Is 47933 a composite number?
False
Is 15127 a composite number?
True
Is 13121 a prime number?
True
Is 24359 a composite number?
False
Is 7451 a composite number?
False
Is 2333 a prime number?
True
Is 1052093 prime?
False
Is 347 prime?
True
Is 31138 composite?
True
Is 281939 prime?
False
Is 20863 a prime number?
False
Is 66757 prime?
False
Is 5167 composite?
False
Is 20309 a prime number?
False
Is 174745 composite?
True
Is 10033 a composite number?
True
Is 6387 composite?
True
Is 2741 composite?
False
Is 741197 a composite number?
True
Is 28643 composite?
False
Is 2521 composite?
False
Is 471147 prime?
False
Is 43481 a prime number?
True
Is 7 a prime number?
True
Is 1224266 prime?
False
Is 23719 a prime number?
True
Is 79967 composite?
False
Is 4249 composite?
True
Is 2510767 composite?
True
Is 17467 composite?
False
Is 613537 a prime number?
False
Is 11707 composite?
True
Is 264557 composite?
True
Is 235594 composite?
True
Is 673571 composite?
True
Is 2221337 prime?
False
Is 103289 a prime number?
True
Is 653243 composite?
False
Is 49102 a prime number?
False
Is 251 composite?
False
Is 208379 prime?
True
Is 6421 composite?
False
Is 1262153 a composite number?
True
Is 16603 composite?
False
Is 4049 a prime number?
True
Is 2114777 prime?
False
Is 2411 a composite number?
False
Is 4253 a prime number?
True
Is 60689 a prime number?
True
Is 36647 a prime number?
False
Is 212657 prime?
False
Is 22291 composite?
False
Is 193693 a composite number?
True
Is 2333 prime?
True
Is 1532653 composite?
True
Is 14519 composite?
False
Is 223 composite?
False
Is 33133 a prime number?
False
Is 113591 a prime number?
True
Is 93601 a composite number?
False
Is 73417 prime?
True
Is 435389 a prime number?
False
Is 2819 composite?
False
Is 33199 prime?
True
Is 130483 a prime number?
True
Is 63637 a prime number?
False
Is 1543 a composite number?
False
Is 134006 prime?
False
Is 22541 a composite number?
False
Is 12326 a composite number?
True
Is 478303 composite?
True
Is 10279 a prime number?
False
Is 467813 a composite number?
False
Is 8419 composite?
False
Is 8367 a prime number?
False
Is 171571 a prime number?
True
Is 256609 composite?
False
Is 985867 a prime number?
True
Is 21059 a composite number?
False
Is 25909 prime?
False
Is 142297 a composite number?
False
Is 103487 prime?
False
Is 29831 a prime number?
False
Is 116878 a prime number?
False
Is 121039 prime?
True
Is 4685 a composite number?
True
Is 646543 composite?
False
Is 193423 a prime number?
True
Is 62077 a prime number?
False
Is 13291 a composite number?
False
Is 4049 a prime number?
True
Is 233489 prime?
True
Is 10099 composite?
False
Is 78737 composite?
False
Is 21139 prime?
True
Is 8443 composite?
False
Is 85421 prime?
False
Is 293791 composite?
False
Is 107269 a composite number?
False
Is 86117 a composite number?
False
Is 225427 prime?
True
Is 30221 a composite number?
True
Is 3291 a composite number?
True
Is 26249 composite?
False
Is 7627 prime?
False
Is 30389 a prime number?
True
Is 4049 composite?
False
Is 211333 prime?
True
Is 70823 prime?
True
Is 4667 a prime number?
False
Is 798758 prime?
False
Is 1681999 prime?
False
Is 1477 composite?
True
Is 76409 a prime number?
False
Is 47327 prime?
False
Is 13919 a prime number?
False
Is 6779 composite?
False
Is 169311 a composite number?
True
Is 2459 composite?
False
Is 124595 prime?
False
Is 35339 a composite number?
False
Is 774303 composite?
True
Is 70874 a composite number?
True
Is 43423 composite?
True
Is 1234463 prime?
True
Is 307715 a prime number?
False
Is 413863 a composite number?
False
Is 29959 a composite number?
False
Is 143887 prime?
False
Is 2265082 a composite number?
True
Is 114859 a composite number?
False
Is 2314931 a prime number?
True
Is 265193 a composite number?
False
Is 676883 composite?
False
Is 132631 prime?
True
Is 52739 prime?
False
Is 1144399 a composite number?
False
Is 4573 a composite number?
True
Is 150601 prime?
False
Is 8063 composite?
True
Is 71913 prime?
False
Is 24671 a prime number?
True
Is 1727 a prime number?
False
Is 4882505 a composite number?
True
Is 37322 a composite number?
True
Is 85369 prime?
True
Is 35517 a composite number?
True
Is 3647 a composite number?
True
Is 1087 prime?
True
Is 14257 composite?
True
Is 15767 composite?
False
Is 4727 a composit